2104?
-22111
In base 9, what is 4 - 12267?
-12263
In base 11, what is -258 + -8?
-265
In base 6, what is 42 - -11?
53
In base 15, what is 91 + -40?
51
In base 12, what is -8 + 1?
-7
In base 8, what is -30 + 14?
-14
In base 7, what is -46 - 123?
-202
In base 13, what is 25 + -23?
2
In base 6, what is 12 - 101?
-45
In base 5, what is -20 - 43?
-113
In base 6, what is -10 + 4?
-2
In base 2, what is 11110101010 - 10?
11110101000
In base 9, what is 48 - 4?
44
In base 5, what is 4240 + 10?
4300
In base 10, what is 2401 + -4?
2397
In base 16, what is -b + 134?
129
In base 9, what is -43 - 10?
-53
In base 10, what is 6212 + 0?
6212
In base 14, what is -5 + -a?
-11
In base 4, what is -1123 + 1211?
22
In base 15, what is -17bc - 3?
-17c0
In base 5, what is 11 - -2141?
2202
In base 11, what is 231 + -3?
229
In base 4, what is -11 - -13020?
13003
In base 5, what is -13 - 10143?
-10211
In base 16, what is 5f - 5?
5a
In base 9, what is 3 + 181?
184
In base 15, what is 23 - 5?
1d
In base 7, what is -206 + -1?
-210
In base 6, what is 234 + -13?
221
In base 4, what is 113 - -110?
223
In base 6, what is -5 + -10232?
-10241
In base 10, what is -12 - 89?
-101
In base 8, what is 133 + 4?
137
In base 16, what is -7 - -220?
219
In base 8, what is -3 + -220?
-223
In base 8, what is -14 - -17?
3
In base 4, what is 30 + -101?
-11
In base 16, what is -314 + 3?
-311
In base 4, what is 2300 - -10?
2310
In base 8, what is -50 + -10?
-60
In base 15, what is -e + 6?
-8
In base 12, what is -176a + 5?
-1765
In base 9, what is 624 + 12?
636
In base 9, what is 2661 + 1?
2662
In base 13, what is 3 + -1719?
-1716
In base 3, what is 20110 - -12?
20122
In base 15, what is 92 - 0?
92
In base 9, what is -351 + 0?
-351
In base 6, what is 104015 + -4?
104011
In base 11, what is -2 + 92?
90
In base 11, what is -570 + 0?
-570
In base 5, what is -2 - 101?
-103
In base 15, what is 4 + -1a0?
-19b
In base 3, what is -1211202 - 12?
-1211221
In base 11, what is 332 - -1?
333
In base 15, what is -4 - -d?
9
In base 7, what is 5602 + -2?
5600
In base 13, what is 0 - -5b?
5b
In base 16, what is -49 - -2?
-47
In base 16, what is 0 - -13a?
13a
In base 10, what is -14 - 156?
-170
In base 13, what is -9 + 3?
-6
In base 15, what is 1d - -37?
55
In base 3, what is 1111 - 11101?
-2220
In base 2, what is -11 + -11001101?
-11010000
In base 13, what is 1 + -1687?
-1686
In base 3, what is 10 - 11002?
-10222
In base 15, what is 19 - -c?
26
In base 5, what is -4 + -303?
-312
In base 7, what is 2 + -11220?
-11215
In base 9, what is 331 - 33?
287
In base 2, what is -1001000011011 - 10?
-1001000011101
In base 2, what is -1011010 - -11?
-1010111
In base 7, what is 3 - -5410?
5413
In base 14, what is -4d5 + -4?
-4d9
In base 11, what is -7561 + -2?
-7563
In base 12, what is 5 - 22?
-19
In base 3, what is 10 - -101110?
101120
In base 8, what is -36 - -105?
47
In base 12, what is 1 + -b0?
-ab
In base 9, what is 381 - 11?
370
In base 14, what is 28 - 1?
27
In base 4, what is -22 - -10?
-12
In base 4, what is -10300 + -10?
-10310
In base 15, what is 17d - 3?
17a
In base 11, what is -1 + 1057?
1056
In base 10, what is -12 - -142?
130
In base 6, what is 4 - 45?
-41
In base 3, what is -101021 - -10?
-101011
In base 7, what is 6 - 60?
-51
In base 15, what is -55 - -4?
-51
In base 4, what is -1322021 + 3?
-1322012
In base 14, what is -8 + 160?
156
In base 11, what is -4 + 1249?
1245
In base 9, what is 328 + -5?
323
In base 4, what is 10330 + 10?
11000
In base 16, what is 0 - cb?
-cb
In base 2, what is -111101101101 - -10?
-111101101011
In base 15, what is 1 + -1a?
-19
In base 12, what is -81 + 3?
-7a
In base 9, what is 2 + 281?
283
In base 8, what is -1217 - 15?
-1234
In base 15, what is -30c + -2?
-30e
In base 14, what is -20b + 0?
-20b
In base 15, what is 4 + -3c?
-38
In base 16, what is -1 + -33d?
-33e
In base 10, what is -310 + 3?
-307
In base 14, what is 6 - -40?
46
In base 6, what is -320 - 14?
-334
In base 11, what is 3 - -78?
80
In base 16, what is 32 + -5c?
-2a
In base 15, what is 0 - -b9?
b9
In base 13, what is -18 + 14?
-4
In base 4, what is 3332130 + 1?
3332131
In base 10, what is -3 - 300?
-303
In base 10, what is 1 + -416?
-415
In base 4, what is -11 - -2223?
2212
In base 16, what is 4c9 - 4?
4c5
In base 13, what is -1 - -377?
376
In base 4, what is 0 - -3131?
3131
In base 11, what is 2 + 132?
134
In base 9, what is -2458 + 1?
-2457
In base 4, what is 131 - -11?
202
In base 4, what is -101211 - -33?
-101112
In base 6, what is 5 + 510?
515
In base 9, what is -1 + -41?
-42
In base 2, what is -10 - -1010?
1000
In base 10, what is -4478 - -2?
-4476
In base 3, what is 1020 - 220?
100
In base 14, what is -32 - -10?
-22
In base 7, what is 4 + -16031?
-16024
In base 11, what is 2 + -753?
-751
In base 4, what is 21003 - 2?
21001
In base 11, what is -1 + -16?
-17
In base 8, what is 364 + -1?
363
In base 6, what is 3 - -232?
235
In base 12, what is 5 - -305?
30a
In base 16, what is -190 + 1?
-18f
In base 3, what is 100020 + -1?
100012
In base 10, what is 51 - 15?
36
In base 12, what is 0 + 64?
64
In base 5, what is 4330 + 32?
4412
In base 6, what is -110055 - -2?
-110053
In base 7, what is 4 + 366?
403
In base 14, what is 1a3 + 6?
1a9
In base 12, what is 596 + 7?
5a1
In base 11, what is -1 + 2322?
2321
In base 16, what is ba - 14?
a6
In base 2, what is 1000 + -101?
11
In base 4, what is -32 + 11033?
11001
In base 13, what is -17b9 + -6?
-17c2
In base 12, what is -35 - 11?
-46
In base 4, what is 0 - 120301?
-120301
In base 4, what is -2300 + 30?
-2210
In base 12, what is -6 + -b?
-15
In base 8, what is -27 + 7?
-20
In base 10, what is 0 - 10015?
-10015
In base 2, what is -1 + 100011?
100010
In base 12, what is 2041 + 1?
2042
In base 14, what is 9 - 54?
-49
In base 11, what is 0 - -18?
18
In base 16, what is -1fb + 17?
-1e4
In base 4, what is 0 + 1230?
1230
In base 4, what is 1220110 - 2?
1220102
In base 9, what is -6 - 12?
-18
In base 10, what is 19 + 11?
30
In base 6, what is -105105 + 0?
-105105
In base 12, what is 135 - 10?
125
In base 11, what is 22 - 201?
-18a
In base 7, what is 2 - -1?
3
In base 7, what is -2 + 13?
11
In base 2, what is -110 + 10001100?
10000110
In base 15, what is -1 - ba4?
-ba5
In base 3, what is -122 + 1111?
212
In base 10, what is 5 + -14?
-9
In base 8, what is 11 - -106?
117
In base 10, what is 15 + -499?
-484
In base 5, what is 1012 + -10?
1002
In base 4, what is -10202 - -10?
-10132
In base 9, what is -571 + -2?
-573
In base 10, what is 4 - -1717?
1721
In base 12, what is 4 - 1?
3
In base 15, what is a - -e?
19
In base 11, what is -88 - -1?
-87
In base 10, what is -389 - -19?
-370
In base 13, what is 4 - -10a?
111
In base 14, what is 3 + 2a42?
2a45
In base 5, what is -1330 - -20?
-1310
In base 14, what is 6 + -137?
-131
In base 2, what is 1011 + 1011010?
1100101
In base 13, what is 31 - -8?
39
In base 8, what is -3 + -57?
-62
In base 3, what is -1 + 1200?
1122
In base 2, what is 11010111101 + -101?
11010111000
In base 14, what is 2 + b64?
b66
In base 6, what is -445 - 2?
-451
In base 9, what is -22 + -3?
-25
In base 2, what is -1000 + 1000?
0
In base 10, what is 123 - 5?
118
In base 3, what is -12 + 101111?
101022
In base 10, what is 12 - -86?
98
In base 6, what is 5523 - 4?
5515
In base 7, what is -2404 - -2?
-2402
In base 12, what is 4 + -8a8?
-8a4
In base 9, what is 1 + 65?
66
In base 16, what is 3 - -506?
509
In base 10, what is 6 - 2?
4
In base 15, what is 9dd - -2?
9e0
In base 16, what is 295 + 14?
2a9
In base 12, what is 2 + 761?
763
In base 15, what is -3 + -5?
-8
In base 13, what is 5 - 91?
-89
In base 16, what is -f + -259?
-268
In base 8, what is 4 - -567?
573
In base 12, what is -8b37 - -1?
-8b36
In base 2, what is 10 - -11001011?
11001101
In base 4, what is -11013 - 2?
-11021
In base 4, what is -111 + -1031?
-1202
In base 3, what is 2011112 - 2?
2011110
In base 2, what is -1 + 10001001?
10001000
In base 8, what is 0 + 33?
33
In base 12, what is 2 - -233?
235
In base 13, what is 55 - 5?
50
In base 14, what is -3 + -54?
-57
In base 2, what is -111111000 - -100?
-111110100
In base 5, what is 30 - -121?
201
In base 7, what is -224 + 11?
-213
In base 16, what is 8 - 5?
3
In base 8, what is -271 + 5?
-264
In base 9, what is 252 - -22?
274
In base 6, what is -5 + -14343?
-14352
In ba